 = -8 + 11. Suppose 5*f = g*f + 16. What are the prime factors of f?
2
Suppose -h = -2 - 1. Suppose -2 = -h*m + 7. What are the prime factors of 2 + (-2)/m*-9?
2
Suppose -9 = a - 46. List the prime factors of a.
37
Let z be -124*-3*1/6. List the prime factors of 2 + (2 - z/(-2)).
5, 7
Suppose r - 4*f - 16 = -9*f, 2*f = r + 5. Let y be 2 - (r + 1 + -3). List the prime factors of 30/8 - y/(-12).
2
Let h be ((-6)/2 - -3) + -69. What are the prime factors of (4/(-6))/(2/h)?
23
Let y = 33 + -11. What are the prime factors of y?
2, 11
Let d = 191 + -91. What are the prime factors of d?
2, 5
Suppose 0 = -2*y + 5*l - 102, l + 8 = 5*l. Suppose -104 = 4*v + 4. Let a = v - y. What are the prime factors of a?
19
Suppose q = 19 + 5. Suppose f - 5*f = -q. List the prime factors of f.
2, 3
Suppose -a = -3*a + 36. Let z be (244/(-6))/((-12)/a). Suppose -q = -2*d - 17, 7*q - 2*d = 2*q + z. List the prime factors of q.
11
Let a be ((-6)/4)/((-3)/6). Suppose a*x + 10 = 5*x. What are the prime factors of x?
5
Let i be (-9)/6*(-44)/(-6). Let p = -18 + i. Let r = p + 44. What are the prime factors of r?
3, 5
Let r be (-8)/(-28) - (-5)/7. Let j = r - -10. List the prime factors of j.
11
Suppose -6*y + 4*y = c - 123, 3*c - 329 = 4*y. What are the prime factors of c?
5, 23
Suppose -5*k + 2 = -4*j, 0 = -4*j + 9 - 1. Suppose 5*u = -0*u + 15. Suppose k*o - 2*n - 26 = -6*n, u*n + 5 = 2*o. List the prime factors of o.
7
Suppose -s = -5*y - 21, s + 4 = 5. Let g(z) = -z**3 - 3*z**2. List the prime factors of g(y).
2
Let h = 1 - 1. Let q = -55 + 48. List the prime factors of q*(-1 - h) + 0.
7
Suppose 0 = -x - 5*s + 38, -2*s + 104 = 4*x - 6*s. Let u = x + -17. List the prime factors of u.
11
Suppose 6*g = 2*g + 536. Suppose 7*m - i = 2*m + 154, 5*m + 4*i = g. List the prime factors of m.
2, 3, 5
Suppose -2 + 8 = 2*l. Suppose 3*c - l = 9. Suppose -s + 2*s = -3*i + 3, c*i = -3*s + 14. List the prime factors of s.
2, 3
Suppose 2*k - 4 = -0. Suppose k*g - 132 = -2*g. What are the prime factors of g?
3, 11
Let j = -2 + 1. List the prime factors of j/2 + (-54)/(-4).
13
Let o = 9 + -12. Suppose d - 2*d = -5, -41 = 4*s - 5*d. What are the prime factors of (-18)/s*(-8)/o?
2, 3
Let s(p) = -3*p**3 - p**2 + 2*p - 1. Suppose -4*c - 5*d - 3 = 0, 5 = -8*c + 3*c - 5*d. Let k be s(c). Let r = -8 + k. List the prime factors of r.
7
Let y = -2 - -6. Suppose y*m - 20 = -m. List the prime factors of m/(-6) - 41/(-3).
13
Let v be 0*(-4)/12 + -3. List the prime factors of 38 + -6*2/v.
2, 3, 7
Suppose -4*v = 5*z + 24, -5*v - 4*z = -0*z + 21. Let h = v + 6. Suppose -85 = -5*u + s - 0*s, h = -s. List the prime factors of u.
2
Suppose -4*y + 13 = -127. What are the prime factors of y?
5, 7
Let z = 33 - 3. What are the prime factors of z?
2, 3, 5
Let h(p) = -6*p**3 + p - 1. List the prime factors of h(-3).
2, 79
Let b(s) = -s**2 - 3*s + 8. Suppose 15 = 4*x - 2*l + 47, -3*x - 2 = 4*l. Let q be b(x). Let r = q + 22. What are the prime factors of r?
2, 3
Suppose -2*p + 0*p = -22. Suppose -s + 3*v + 18 = 0, -4*s + v = -2*s - p. List the prime factors of s.
3
Let z(k) = -k**3 - 7*k**2 + 7*k - 4. Let r be (-9 - 0)*1 - -1. List the prime factors of z(r).
2
Let f(h) = 2*h**2 + 10*h - 3. Let u(k) = -k**2 - 5*k + 2. Let s(y) = -4*f(y) - 7*u(y). List the prime factors of s(-3).
2
Let i(f) = f**3 - 8*f**2 + 4*f - 5. Let m(k) = 8*k. Let p be m(1). List the prime factors of i(p).
3
List the prime factors of -19*(2 + (-12)/4).
19
Let c(g) = 40*g**2 - 1. List the prime factors of c(-2).
3, 53
Let k(q) = q**3 - 4*q**2 - 3*q + 12. Let z be ((-2)/12 - -1)*6. List the prime factors of k(z).
2, 11
Let g(b) = -15*b + 16. Let z(n) = -5*n + 0 + 3 + 2*n. Let y(l) = 2*g(l) - 11*z(l). List the prime factors of y(3).
2
Suppose -i + 5*h - 49 = -2*i, 126 = 2*i - 4*h. List the prime factors of i.
59
Let h be 11 - ((0 - 2) + 0). Let j = h + 7. Suppose 35 = 5*u - j. What are the prime factors of u?
11
Let m be (-732)/(-5) + 4/(-10). Suppose -4*k + 54 = -m. Suppose k = 6*p - p. List the prime factors of p.
2, 5
Suppose 4*b - 3*l + 1 + 7 = 0, 0 = -5*b + 4*l - 10. Suppose -3*w + w + 20 = 3*o, 25 = -5*w. Let k = b + o. What are the prime factors of k?
2
Let m = 0 - -3. Suppose m*z - 3*t - 18 = -t, 3*z + 2*t - 30 = 0. What are the prime factors of z?
2
Let p = -2 - -2. Let g(r) = 3*r + 8. Let j(b) = -10*b - 23. Let m(l) = 7*g(l) + 2*j(l). What are the prime factors of m(p)?
2, 5
Suppose 2*s - 4 = 0, 225 + 25 = 4*c - 5*s. Let y be (-4)/6 - 2/(-3). Suppose y*r + 5*r - c = 0. What are the prime factors of r?
13
What are the prime factors of 1899/12 - (-2)/(-8)?
2, 79
Suppose -2*l = -2*u - 196, 3*u = -4*l - 2*u + 437. What are the prime factors of l?
103
What are the prime factors of 1 - (2 + (4 - 7))?
2
Let v = 306 - 196. What are the prime factors of v?
2, 5, 11
Let p = 1566 + -622. List the prime factors of 6/(-27) - p/(-36).
2, 13
Suppose -2*g + 0*g + 92 = 0. What are the prime factors of g?
2, 23
Let t = -22 + 39. List the prime factors of t.
17
Suppose -3*x = 2*x. Suppose d - 8 + 0 = x. List the prime factors of d.
2
Let y(p) = 5*p - 1. Let t be y(1). Suppose t = -0*b + b. Suppose -2*o - 4*r + b = -10, -2*r - 10 = 0. List the prime factors of o.
17
Let z be (0*3/6)/(-2). Suppose 0 = -z*s + 4*s - 84. Suppose i = -1 + s. What are the prime factors of i?
2, 5
Let z be (-4)/(-3 - 10/(-4)). Let k(y) = -5*y - 4 + y**2 + 1 - 1. What are the prime factors of k(z)?
2, 5
Let n(k) = -6*k + 6. Let c(m) = -3*m + 3. Let w(s) = 5*s - 5. Let g(f) = 5*c(f) + 2*w(f). Let q(v) = 7*g(v) - 6*n(v). What are the prime factors of q(5)?
2
Let f(y) = y - 6*y + 6*y. Suppose 3 + 7 = 5*c. List the prime factors of f(c).
2
Let z be (-2)/(-8) + (-1)/4. Let g(h) = h**3 - 2*h**2 - h - 3. Let i be g(3). Suppose z = i*n - 35 + 5. List the prime factors of n.
2, 5
Let p(o) = o**3 - 9*o**2 + 7*o + 1. Let g be p(8). Let s(u) = u**2 + 4*u - 6. What are the prime factors of s(g)?
3, 5
What are the prime factors of 3/2 - 931/(-14)?
2, 17
Let k = 2 + 2. Suppose -52 = -5*b + 2*q - 6*q, -2*q + 38 = k*b. What are the prime factors of b?
2
Let s(m) = -19*m**3 + m + 1. List the prime factors of s(-1).
19
Suppose 0 = 6*b - 2*b. Suppose b = -3*p + 2*u + 13, -p = 4*u - 8*u - 1. Let g = 5 + p. List the prime factors of g.
2, 5
Suppose -3*x = -x - 152. Suppose -4*j - 5*o - 1 = x, 3*j = -5*o - 64. Let q = -6 - j. What are the prime factors of q?
7
Let a(w) = w**2 - 8*w + 10. List the prime factors of a(7).
3
Let u = 6 + 5. List the prime factors of u.
11
Let s be -2 - -1 - 15/(-3). Suppose -y + s = -10. Let u = 25 - y. List the prime factors of u.
11
Suppose f - 1 = 1. Let k(z) = -z**2 + 10 + 0*z**2 + f*z**2. List the prime factors of k(0).
2, 5
Let p be (-3 - -36)/(3/(-2)). Let z = 2 - p. Suppose 5*v = -z + 64. What are the prime factors of v?
2
Suppose 4*o - 629 = -5*z, 0*o - 500 = -4*z - 4*o. What are the prime factors of z?
3, 43
Let p = 17 - -12. List the prime factors of p.
29
Let v(l) = 3*l + 1. Let q be v(1). Let g(a) = 2*a + 4. Let i be g(q). Suppose -2*c + i = -c. List the prime factors of c.
2, 3
Suppose 4 = -b - a, -3*a - 1 = 5*b + 9. Let o(u) = u**2 - 1 - b - 3. List the prime factors of o(4).
11
Let c(s) = -6*s - 1. Let t be c(-1). Suppose d = t*d. List the prime factors of -1 - 4*-1 - d.
3
Suppose 0 = 6*a - a. Suppose -2*f = -a*f + 18. Let p(q) = -q**2 - 9*q + 10. What are the prime factors of p(f)?
2, 5
Suppose -4*j - j + 4*n = 189, 5*j + 201 = n. Let c(l) = 2*l - 14. Let q be c(-7). Let x = q - j. What are the prime factors of x?
13
Suppose i - 2 = 5*d, -2*i - d = d + 20. Let k(a) = -a**2 - 10*a + 5. List the prime factors of k(i).
3, 7
Let n = -17 + 25. Let g = 9 + n. List the prime factors of g.
17
Suppose 6*w - 24 = 2*w. Let r(o) = -o**2 - 1 + 3 + 7*o - 5. What are the prime factors of r(w)?
3
Suppose 0 = -w - 4*w - 10. Let y be (-2)/(w - 0) + 2. Let o = y + -1. List the prime factors of o.
2
Suppose -t = 12 - 46. Let b = t + -20. What are the prime factors of b?
2, 7
Let o be (-14)/(-4)*56/98. Suppose 2*v + 3*r - 52 = 28, 4*r = -o*v + 78. What are the prime factors of v?
43
Suppose -3*o + 30 = -60. What are the prime factors of o?
2, 3, 5
Let o(t) be the second derivative of 7*t**3/6 - t**2/2 - 7*t. List the prime factors of o(6).
41
Let a be (4/(-3))/(4/(-6)). Supp